 32339 composite?
True
Is 52747 composite?
False
Is 2618339 composite?
False
Is 85297 composite?
False
Is 22465 a prime number?
False
Is 5557 a prime number?
True
Is 355529 composite?
False
Is 2159 a prime number?
False
Is 1934 prime?
False
Is 1581649 a prime number?
True
Is 332437 composite?
True
Is 12899 a prime number?
True
Is 14253 prime?
False
Is 204251 a composite number?
False
Is 275827 a prime number?
True
Is 772295 composite?
True
Is 30757 a composite number?
False
Is 510673 prime?
False
Is 14969 a prime number?
True
Is 11885 a prime number?
False
Is 1204793 prime?
False
Is 21631 composite?
True
Is 158683 prime?
False
Is 119386 prime?
False
Is 83837 a prime number?
False
Is 207923 prime?
True
Is 1543 a prime number?
True
Is 23227 a prime number?
True
Is 1639 a composite number?
True
Is 5723681 composite?
False
Is 53871 composite?
True
Is 2023634 a composite number?
True
Is 277 a composite number?
False
Is 7734287 prime?
False
Is 265703 a prime number?
True
Is 14107 prime?
True
Is 14047 prime?
False
Is 32099 prime?
True
Is 264763 a prime number?
True
Is 10847 a prime number?
True
Is 1481021 prime?
True
Is 1116035 a composite number?
True
Is 52627 a prime number?
True
Is 981593 a composite number?
True
Is 43753 a prime number?
True
Is 1097533 composite?
False
Is 14369 a composite number?
False
Is 3651 a composite number?
True
Is 912301 a composite number?
True
Is 2054519 a composite number?
False
Is 3827 prime?
False
Is 10195 composite?
True
Is 4663 a composite number?
False
Is 201413 a prime number?
True
Is 1597 prime?
True
Is 24659 composite?
False
Is 373 a prime number?
True
Is 186917 a composite number?
False
Is 4507 a prime number?
True
Is 9967 prime?
True
Is 1366777 composite?
True
Is 19619 a prime number?
False
Is 121921 prime?
True
Is 12023 a prime number?
False
Is 2671 a prime number?
True
Is 1262743 prime?
False
Is 705383 composite?
True
Is 32822 a prime number?
False
Is 18749 composite?
False
Is 296315 prime?
False
Is 4541 a composite number?
True
Is 124141 prime?
False
Is 585127 composite?
True
Is 287789 prime?
True
Is 43853 prime?
True
Is 5701 composite?
False
Is 899 a composite number?
True
Is 12689 composite?
False
Is 533777 a composite number?
False
Is 190093 a prime number?
True
Is 84377 a composite number?
False
Is 151465 a prime number?
False
Is 79837 a composite number?
True
Is 16729 a prime number?
True
Is 6317 a composite number?
False
Is 105443 a composite number?
True
Is 1657 composite?
False
Is 122081 composite?
False
Is 434317 composite?
True
Is 8053 composite?
False
Is 115831 composite?
False
Is 209629 composite?
True
Is 59665 a composite number?
True
Is 2333 a composite number?
False
Is 123307 prime?
True
Is 206657 composite?
True
Is 2437 prime?
True
Is 468317 prime?
False
Is 128229 prime?
False
Is 17965 a prime number?
False
Is 426089 a composite number?
False
Is 496759 composite?
True
Is 144587 composite?
True
Is 865093 prime?
False
Is 77639 a prime number?
False
Is 25787 composite?
True
Is 2957 prime?
True
Is 3993335 a composite number?
True
Is 561599 composite?
False
Is 478889 prime?
False
Is 880797 composite?
True
Is 74233 composite?
True
Is 522985 a prime number?
False
Is 477637 prime?
True
Is 442523 a prime number?
False
Is 25511 prime?
False
Is 6623 prime?
False
Is 1011 prime?
False
Is 25049 composite?
True
Is 30671 a prime number?
True
Is 756179 composite?
False
Is 145879 composite?
False
Is 29383 a composite number?
False
Is 3453 composite?
True
Is 491 prime?
True
Is 12373 a composite number?
False
Is 319 prime?
False
Is 4183 composite?
True
Is 7901 prime?
True
Is 2161 a prime number?
True
Is 12239 prime?
True
Is 787 prime?
True
Is 883081 composite?
True
Is 64054 composite?
True
Is 21561 composite?
True
Is 479023 a prime number?
True
Is 23327 composite?
False
Is 279881 a composite number?
True
Is 42797 a prime number?
True
Is 59581 prime?
True
Is 252571 prime?
False
Is 979 a prime number?
False
Is 3258029 prime?
True
Is 45599 prime?
True
Is 2401141 a composite number?
True
Is 859457 a prime number?
False
Is 2293 a prime number?
True
Is 4045 prime?
False
Is 453941 a composite number?
True
Is 711869 a composite number?
True
Is 5779 a prime number?
True
Is 103315 prime?
False
Is 37397 prime?
True
Is 1016399 prime?
True
Is 107011 a prime number?
False
Is 1423 prime?
True
Is 2039 prime?
True
Is 1213 a composite number?
False
Is 38891 a prime number?
True
Is 1531769 a composite number?
False
Is 97213 prime?
True
Is 23683 a prime number?
False
Is 6823 composite?
False
Is 2582 a prime number?
False
Is 125261 a composite number?
False
Is 117367 prime?
False
Is 50671 a composite number?
False
Is 9511 prime?
True
Is 278189 composite?
True
Is 26303 composite?
True
Is 44951 composite?
True
Is 62617 a prime number?
True
Is 275147 composite?
False
Is 190663 composite?
True
Is 94583 composite?
False
Is 6595 composite?
True
Is 12661 a prime number?
False
Is 9853 prime?
False
Is 3827 a prime number?
False
Is 8191 composite?
False
Is 22433 composite?
False
Is 48073 composite?
False
Is 169471 prime?
True
Is 72953 a prime number?
True
Is 22757 a prime number?
False
Is 1278581 a prime number?
False
Is 2935 prime?
False
Is 913873 a prime number?
True
Is 1823 a prime number?
True
Is 7283 a prime number?
True
Is 26449 a prime number?
True
Is 8059 composite?
False
Is 3457 prime?
True
Is 1740223 composite?
False
Is 47927 composite?
True
Is 33199 composite?
False
Is 91121 a prime number?
True
Is 11177 a prime number?
True
Is 96493 a composite number?
False
Is 3151 a prime number?
False
Is 4853 composite?
True
Is 774833 prime?
True
Is 530369 prime?
False
Is 11969 composite?
False
Is 7109 a composite number?
False
Is 143435 a composite number?
True
Is 458077 a prime number?
False
Is 32107 prime?
False
Is 102689 prime?
False
Is 54091 prime?
True
Is 1081 a composite number?
True
Is 19967 a prime number?
False
Is 8545 a composite number?
True
Is 1276699 prime?
False
Is 4064433 a composite number?
True
Is 987631 prime?
True
Is 22471 a prime number?
False
Is 14143 a composite number?
False
Is 6941 composite?
True
Is 307 composite?
False
Is 4918 a composite number?
True
Is 187951 prime?
True
Is 78707 prime?
True
Is 374135 a composite number?
True
Is 21713 a composite number?
False
Is 15853 composite?
True
Is 1369 a prime number?
False
Is 386761 a prime number?
False
Is 94277 a composite number?
True
Is 57751 composite?
False
Is 9913 a composite number?
True
Is 1381 a prime number?
True
Is 154221 prime?
False
Is 17807 prime?
True
Is 238099 composite?
False
Is 3847 composite?
False
Is 626183 prime?
False
Is 521717 a prime number?
False
Is 43391 composite?
False
Is 635117 composite?
True
Is 1497923 composite?
True
Is 253133 a prime number?
True
Is 13641 a composite number?
True
Is 253 a composite number?
True
Is 2729 composite?
False
Is 37 composite?
False
Is 25537 a composite number?
False
Is 150419 composite?
True
Is 21403 a composite number?
True
Is 1193119 composite?
False
Is 10895 a prime number?
False
Is 7921 prime?
False
Is 953 composite?
False
Is 11657 a composite number?
False
Is 1483 a prime number?
True
Is 271283 composite?
True
Is 127157 prime?
True
Is 46983 prime?
False
Is 97871 composite?
False
Is 1861 composite?
False
Is 126413 a prime number?
False
Is 174329 composite?
False
Is 22047 prime?
False
Is 932609 a prime number?
True
Is 55787 prime?
True
Is 79531 a prime number?
True
Is 498709 prime?
False
Is 3110057 a composite number?
False
Is 335689 a composite number?
False
Is 16757 a prime number?
False
Is 930767 a prime number?
False
Is 15017 a prime number?
True
Is 3821 composite?
False
Is 367949 composite?
False
Is 5167 a prime number?
True
Is 23501 composite?
True
Is 33049 prime?
True
Is 204521 a composite number?
False
Is 475211 a prime number?
False
Is 4687 prime?
False
Is 34939 composite?
False
Is 85367 a prime number?
False
Is 712883 composite?
False
Is 13939 composite?
True
Is 3077 a prime number?
False
Is 6029 a prime number?
True
Is 1811 prime?
True
Is 43853 a composite number?
False
Is 6947 a prime number?
True
Is 7295 composite?
True
Is 97529 composite?
True
Is 45403 a prime number?
True
Is 25183 composite?
False
Is 3649 prime?
False
Is 1087589 a composite number?
False
Is 1361 prime?
True
Is 379 a composi